{"id":2869,"date":"2022-09-03T14:25:53","date_gmt":"2022-09-03T11:25:53","guid":{"rendered":"https:\/\/ceviklerglobal.com\/?page_id=2869"},"modified":"2022-09-04T17:31:15","modified_gmt":"2022-09-04T14:31:15","slug":"insaat-projeleri","status":"publish","type":"page","link":"https:\/\/ceviklerglobal.com\/index.php\/insaat-projeleri\/","title":{"rendered":"\u0130n\u015faat Projeleri"},"content":{"rendered":"\t\t<div data-elementor-type=\"wp-page\" data-elementor-id=\"2869\" class=\"elementor elementor-2869\">\n\t\t\t\t\t\t<div class=\"elementor-inner\">\n\t\t\t\t<div class=\"elementor-section-wrap\">\n\t\t\t\t\t\t\t\t\t<section class=\"elementor-section elementor-top-section elementor-element elementor-element-61bd29e elementor-section-boxed elementor-section-height-default elementor-section-height-default\" data-id=\"61bd29e\" data-element_type=\"section\">\n\t\t\t\t\t\t<div class=\"elementor-container elementor-column-gap-default\">\n\t\t\t\t\t\t\t<div class=\"elementor-row\">\n\t\t\t\t\t<div class=\"aux-parallax-section elementor-column elementor-col-100 elementor-top-column elementor-element elementor-element-31bc4c4\" data-id=\"31bc4c4\" data-element_type=\"column\">\n\t\t\t<div class=\"elementor-column-wrap elementor-element-populated\">\n\t\t\t\t\t\t\t<div class=\"elementor-widget-wrap\">\n\t\t\t\t\t\t<div class=\"elementor-element elementor-element-6d4ff85 aux-appear-watch-animation aux-fade-in-up elementor-widget elementor-widget-aux_modern_heading\" data-id=\"6d4ff85\" data-element_type=\"widget\" data-widget_type=\"aux_modern_heading.default\">\n\t\t\t\t<div class=\"elementor-widget-container\">\n\t\t\t<section class=\"aux-widget-modern-heading\">\n            <div class=\"aux-widget-inner\"><h2 class=\"aux-modern-heading-primary\">Yap-Sat  <b>\u0130n\u015faat<\/b> Projeleri<\/b><\/h2><div class=\"aux-modern-heading-divider\"><\/div><div class=\"aux-modern-heading-description\"><p><strong>Cevikler Global<\/strong> \u00e7al\u0131\u015fma alanlar\u0131ndan biriside yap-sat projeleridir. Bu tip \u00e7al\u0131\u015fmalanm\u0131zda temel ama\u00e7 son kullan\u0131c\u0131 veya kooperatif \u00fcyelerinin huzurlu ve rahat mekanlarda ya\u015famlann\u0131 s\u00fcrd\u00fcrd\u00fckleri ev ve i\u015fyerinin in\u015fa edilmesidir. Rahat ve huzurlu bir aile ortam\u0131n\u0131n gelecek nesillere olan tart\u0131\u015fmas\u0131z etkisinin bilinci i\u00e7indeyiz.<\/p><p>Yap\u0131 kalitesi ve projenin kolay kullan\u0131ma uygun olmas\u0131dan \u00f6d\u00fcn vermeyen Cevikler Global kurulu\u015fundan bu g\u00fcne bir \u00e7ok yap-sat projesini ba\u015far\u0131yla tamamlam\u0131\u015ft\u0131r.<\/p><\/div><\/div>\n        <\/section>\t\t<\/div>\n\t\t\t\t<\/div>\n\t\t\t\t\t\t<\/div>\n\t\t\t\t\t<\/div>\n\t\t<\/div>\n\t\t\t\t\t\t\t\t<\/div>\n\t\t\t\t\t<\/div>\n\t\t<\/section>\n\t\t\t\t<section class=\"elementor-section elementor-top-section elementor-element elementor-element-45b2b55 elementor-section-content-middle elementor-section-boxed elementor-section-height-default elementor-section-height-default\" data-id=\"45b2b55\" data-element_type=\"section\">\n\t\t\t\t\t\t<div class=\"elementor-container elementor-column-gap-no\">\n\t\t\t\t\t\t\t<div class=\"elementor-row\">\n\t\t\t\t\t<div class=\"aux-parallax-section elementor-column elementor-col-50 elementor-top-column elementor-element elementor-element-3d6f125\" data-id=\"3d6f125\" data-element_type=\"column\">\n\t\t\t<div class=\"elementor-column-wrap elementor-element-populated\">\n\t\t\t\t\t\t\t<div class=\"elementor-widget-wrap\">\n\t\t\t\t\t\t<div class=\"elementor-element elementor-element-6f96742 elementor-widget elementor-widget-aux_image\" data-id=\"6f96742\" data-element_type=\"widget\" data-widget_type=\"aux_image.default\">\n\t\t\t\t<div class=\"elementor-widget-container\">\n\t\t\t<section class=\"widget-container aux-widget-image aux-alignnone aux-parent-au1ce87080\">\n    <div class=\"aux-media-hint-frame \">\n        <div class=\"aux-media-image \" >\n        \n            \n\n            \n            <img loading=\"lazy\" decoding=\"async\" width=\"700\" height=\"466\" src=\"image\/gif;base64,R0lGODlhAQABAIAAAAAAAP\/\/\/yH5BAEAAAAALAAAAAABAAEAAAIBRAA7\" class=\"aux-attachment aux-featured-image aux-attachment-id-2873 aux-preload aux-blank\" alt=\"proje1\" data-ratio=\"1\" data-original-w=\"700\" sizes=\"auto\" data-srcset=\"https:\/\/ceviklerglobal.com\/wp-content\/uploads\/2022\/09\/proje1-150x150.jpg 150w,https:\/\/ceviklerglobal.com\/wp-content\/uploads\/2022\/09\/proje1-300x300.jpg 300w,https:\/\/ceviklerglobal.com\/wp-content\/uploads\/2022\/09\/proje1.jpg 700w\" data-src=\"https:\/\/ceviklerglobal.com\/wp-content\/uploads\/2022\/09\/proje1.jpg\" \/>            \n                <\/div>\n    <\/div>\n\n<\/section><!-- widget-container -->\t\t<\/div>\n\t\t\t\t<\/div>\n\t\t\t\t\t\t<\/div>\n\t\t\t\t\t<\/div>\n\t\t<\/div>\n\t\t\t\t<div class=\"aux-parallax-section elementor-column elementor-col-50 elementor-top-column elementor-element elementor-element-7756684\" data-id=\"7756684\" data-element_type=\"column\" data-settings=\"{&quot;background_background&quot;:&quot;classic&quot;}\">\n\t\t\t<div class=\"elementor-column-wrap elementor-element-populated\">\n\t\t\t\t\t\t\t<div class=\"elementor-widget-wrap\">\n\t\t\t\t\t\t<div class=\"elementor-element elementor-element-9eac930 aux-appear-watch-animation aux-fade-in-right elementor-widget elementor-widget-aux_modern_heading\" data-id=\"9eac930\" data-element_type=\"widget\" data-widget_type=\"aux_modern_heading.default\">\n\t\t\t\t<div class=\"elementor-widget-container\">\n\t\t\t<section class=\"aux-widget-modern-heading\">\n            <div class=\"aux-widget-inner\"><h2 class=\"aux-modern-heading-primary\">M\u00fcteahhitlik Hizmetleri\n<\/h2><div class=\"aux-modern-heading-divider\"><\/div><div class=\"aux-modern-heading-description\"><ul><li>Konut<\/li><li>Toplu Konut<\/li><li>Villa<\/li><li>Sanayi Yap\u0131lar\u0131<\/li><li>\u0130\u015f Merkezleri<\/li><\/ul><p>\u015feklinde s\u0131ralanabilir.<\/p><\/div><\/div>\n        <\/section>\t\t<\/div>\n\t\t\t\t<\/div>\n\t\t\t\t\t\t<\/div>\n\t\t\t\t\t<\/div>\n\t\t<\/div>\n\t\t\t\t\t\t\t\t<\/div>\n\t\t\t\t\t<\/div>\n\t\t<\/section>\n\t\t\t\t<section class=\"elementor-section elementor-top-section elementor-element elementor-element-8c4e525 elementor-section-content-middle elementor-section-boxed elementor-section-height-default elementor-section-height-default\" data-id=\"8c4e525\" data-element_type=\"section\">\n\t\t\t\t\t\t<div class=\"elementor-container elementor-column-gap-no\">\n\t\t\t\t\t\t\t<div class=\"elementor-row\">\n\t\t\t\t\t<div class=\"aux-parallax-section elementor-column elementor-col-50 elementor-top-column elementor-element elementor-element-6689295\" data-id=\"6689295\" data-element_type=\"column\">\n\t\t\t<div class=\"elementor-column-wrap elementor-element-populated\">\n\t\t\t\t\t\t\t<div class=\"elementor-widget-wrap\">\n\t\t\t\t\t\t<div class=\"elementor-element elementor-element-3652fdb elementor-widget elementor-widget-aux_image\" data-id=\"3652fdb\" data-element_type=\"widget\" data-widget_type=\"aux_image.default\">\n\t\t\t\t<div class=\"elementor-widget-container\">\n\t\t\t<section class=\"widget-container aux-widget-image aux-alignnone aux-parent-aue048698e\">\n    <div class=\"aux-media-hint-frame \">\n        <div class=\"aux-media-image \" >\n        \n            \n\n            \n            <img loading=\"lazy\" decoding=\"async\" width=\"700\" height=\"466\" src=\"image\/gif;base64,R0lGODlhAQABAIAAAAAAAP\/\/\/yH5BAEAAAAALAAAAAABAAEAAAIBRAA7\" class=\"aux-attachment aux-featured-image aux-attachment-id-2874 aux-preload aux-blank\" alt=\"proje 2\" data-ratio=\"1\" data-original-w=\"700\" sizes=\"auto\" data-srcset=\"https:\/\/ceviklerglobal.com\/wp-content\/uploads\/2022\/09\/proje-2-150x150.jpg 150w,https:\/\/ceviklerglobal.com\/wp-content\/uploads\/2022\/09\/proje-2-300x300.jpg 300w,https:\/\/ceviklerglobal.com\/wp-content\/uploads\/2022\/09\/proje-2.jpg 700w\" data-src=\"https:\/\/ceviklerglobal.com\/wp-content\/uploads\/2022\/09\/proje-2.jpg\" \/>            \n                <\/div>\n    <\/div>\n\n<\/section><!-- widget-container -->\t\t<\/div>\n\t\t\t\t<\/div>\n\t\t\t\t\t\t<\/div>\n\t\t\t\t\t<\/div>\n\t\t<\/div>\n\t\t\t\t<div class=\"aux-parallax-section elementor-column elementor-col-50 elementor-top-column elementor-element elementor-element-5bab5e1\" data-id=\"5bab5e1\" data-element_type=\"column\" data-settings=\"{&quot;background_background&quot;:&quot;classic&quot;}\">\n\t\t\t<div class=\"elementor-column-wrap elementor-element-populated\">\n\t\t\t\t\t\t\t<div class=\"elementor-widget-wrap\">\n\t\t\t\t\t\t<div class=\"elementor-element elementor-element-3add3ea aux-appear-watch-animation aux-fade-in-right elementor-widget elementor-widget-aux_modern_heading\" data-id=\"3add3ea\" data-element_type=\"widget\" data-widget_type=\"aux_modern_heading.default\">\n\t\t\t\t<div class=\"elementor-widget-container\">\n\t\t\t<section class=\"aux-widget-modern-heading\">\n            <div class=\"aux-widget-inner\"><h2 class=\"aux-modern-heading-primary\">Hafriyat ve Nakliyat \u0130\u015fleri\n<\/h2><div class=\"aux-modern-heading-divider\"><\/div><div class=\"aux-modern-heading-description\"><ul><li>Su<\/li><li>Elektrik<\/li><li>Do\u011falgaz<\/li><li>K\u00fcnk D\u00f6\u015feme<\/li><li>Kanal \u0130n\u015faatlar\u0131<\/li><li>\u0130n\u015faat temeli a\u00e7ma i\u015fleri<\/li><li>\u00a0Hafriyat malzemesi temini\u00a0ve sat\u0131\u015f\u0131 \u015feklinde s\u0131ralanabilir.<\/li><\/ul><\/div><\/div>\n        <\/section>\t\t<\/div>\n\t\t\t\t<\/div>\n\t\t\t\t\t\t<\/div>\n\t\t\t\t\t<\/div>\n\t\t<\/div>\n\t\t\t\t\t\t\t\t<\/div>\n\t\t\t\t\t<\/div>\n\t\t<\/section>\n\t\t\t\t<section class=\"elementor-section elementor-top-section elementor-element elementor-element-de6d34a elementor-section-content-middle elementor-section-boxed elementor-section-height-default elementor-section-height-default\" data-id=\"de6d34a\" data-element_type=\"section\">\n\t\t\t\t\t\t<div class=\"elementor-container elementor-column-gap-no\">\n\t\t\t\t\t\t\t<div class=\"elementor-row\">\n\t\t\t\t\t<div class=\"aux-parallax-section elementor-column elementor-col-50 elementor-top-column elementor-element elementor-element-423288b\" data-id=\"423288b\" data-element_type=\"column\">\n\t\t\t<div class=\"elementor-column-wrap elementor-element-populated\">\n\t\t\t\t\t\t\t<div class=\"elementor-widget-wrap\">\n\t\t\t\t\t\t<div class=\"elementor-element elementor-element-7196efd elementor-widget elementor-widget-aux_image\" data-id=\"7196efd\" data-element_type=\"widget\" data-widget_type=\"aux_image.default\">\n\t\t\t\t<div class=\"elementor-widget-container\">\n\t\t\t<section class=\"widget-container aux-widget-image aux-alignnone aux-parent-aue58b0c56\">\n    <div class=\"aux-media-hint-frame \">\n        <div class=\"aux-media-image \" >\n        \n            \n\n            \n            <img loading=\"lazy\" decoding=\"async\" width=\"700\" height=\"466\" src=\"image\/gif;base64,R0lGODlhAQABAIAAAAAAAP\/\/\/yH5BAEAAAAALAAAAAABAAEAAAIBRAA7\" class=\"aux-attachment aux-featured-image aux-attachment-id-2875 aux-preload aux-blank\" alt=\"proje 3\" data-ratio=\"1\" data-original-w=\"700\" sizes=\"auto\" data-srcset=\"https:\/\/ceviklerglobal.com\/wp-content\/uploads\/2022\/09\/proje-3-150x150.jpg 150w,https:\/\/ceviklerglobal.com\/wp-content\/uploads\/2022\/09\/proje-3-300x300.jpg 300w,https:\/\/ceviklerglobal.com\/wp-content\/uploads\/2022\/09\/proje-3.jpg 700w\" data-src=\"https:\/\/ceviklerglobal.com\/wp-content\/uploads\/2022\/09\/proje-3.jpg\" \/>            \n                <\/div>\n    <\/div>\n\n<\/section><!-- widget-container -->\t\t<\/div>\n\t\t\t\t<\/div>\n\t\t\t\t\t\t<\/div>\n\t\t\t\t\t<\/div>\n\t\t<\/div>\n\t\t\t\t<div class=\"aux-parallax-section elementor-column elementor-col-50 elementor-top-column elementor-element elementor-element-40b0ece\" data-id=\"40b0ece\" data-element_type=\"column\" data-settings=\"{&quot;background_background&quot;:&quot;classic&quot;}\">\n\t\t\t<div class=\"elementor-column-wrap elementor-element-populated\">\n\t\t\t\t\t\t\t<div class=\"elementor-widget-wrap\">\n\t\t\t\t\t\t<div class=\"elementor-element elementor-element-2be6a63 aux-appear-watch-animation aux-fade-in-right elementor-widget elementor-widget-aux_modern_heading\" data-id=\"2be6a63\" data-element_type=\"widget\" data-widget_type=\"aux_modern_heading.default\">\n\t\t\t\t<div class=\"elementor-widget-container\">\n\t\t\t<section class=\"aux-widget-modern-heading\">\n            <div class=\"aux-widget-inner\"><h2 class=\"aux-modern-heading-primary\">Arsa Al\u0131m Sat\u0131m\n\n<\/h2><div class=\"aux-modern-heading-divider\"><\/div><div class=\"aux-modern-heading-description\"><section id=\"blog-post\" class=\"single-post\"><div class=\"container\"><div class=\"row\"><div class=\"col-lg-9 col-md-9 col-sm-12 col-xs-12 blog-content pull-left\"><article><p>Cevik Global arsalar\u0131n\u0131z\u0131 bedelini \u00f6deyerek veya kat kar\u015f\u0131l\u0131\u011f\u0131 olmak \u00fczere sat\u0131n al\u0131p de\u011ferlendirmektedir. Ayr\u0131ca gayrimenkul alan\u0131nda tecr\u00fcbeli kadromuzla arsan\u0131z\u0131 de\u011ferinde al\u0131m, sat\u0131m i\u015flemlerini ger\u00e7ekle\u015ftirmekteyiz.\u00a0\u00a0<\/p><\/article><\/div><\/div><\/div><\/section><footer class=\"construct\"><div class=\"container\"><div class=\"row\">\u00a0<\/div><\/div><\/footer><\/div><\/div>\n        <\/section>\t\t<\/div>\n\t\t\t\t<\/div>\n\t\t\t\t\t\t<\/div>\n\t\t\t\t\t<\/div>\n\t\t<\/div>\n\t\t\t\t\t\t\t\t<\/div>\n\t\t\t\t\t<\/div>\n\t\t<\/section>\n\t\t\t\t<section class=\"elementor-section elementor-top-section elementor-element elementor-element-0a1c1c7 elementor-section-content-middle elementor-section-boxed elementor-section-height-default elementor-section-height-default\" data-id=\"0a1c1c7\" data-element_type=\"section\">\n\t\t\t\t\t\t<div class=\"elementor-container elementor-column-gap-no\">\n\t\t\t\t\t\t\t<div class=\"elementor-row\">\n\t\t\t\t\t<div class=\"aux-parallax-section elementor-column elementor-col-50 elementor-top-column elementor-element elementor-element-9257ff0\" data-id=\"9257ff0\" data-element_type=\"column\">\n\t\t\t<div class=\"elementor-column-wrap elementor-element-populated\">\n\t\t\t\t\t\t\t<div class=\"elementor-widget-wrap\">\n\t\t\t\t\t\t<div class=\"elementor-element elementor-element-757745d elementor-widget elementor-widget-aux_image\" data-id=\"757745d\" data-element_type=\"widget\" data-widget_type=\"aux_image.default\">\n\t\t\t\t<div class=\"elementor-widget-container\">\n\t\t\t<section class=\"widget-container aux-widget-image aux-alignnone aux-parent-aufd64fb7f\">\n    <div class=\"aux-media-hint-frame \">\n        <div class=\"aux-media-image \" >\n        \n            \n\n            \n            <img loading=\"lazy\" decoding=\"async\" width=\"700\" height=\"466\" src=\"image\/gif;base64,R0lGODlhAQABAIAAAAAAAP\/\/\/yH5BAEAAAAALAAAAAABAAEAAAIBRAA7\" class=\"aux-attachment aux-featured-image aux-attachment-id-2876 aux-preload aux-blank\" alt=\"proje 4\" data-ratio=\"1\" data-original-w=\"700\" sizes=\"auto\" data-srcset=\"https:\/\/ceviklerglobal.com\/wp-content\/uploads\/2022\/09\/proje-4-150x150.png 150w,https:\/\/ceviklerglobal.com\/wp-content\/uploads\/2022\/09\/proje-4-300x300.png 300w,https:\/\/ceviklerglobal.com\/wp-content\/uploads\/2022\/09\/proje-4.png 700w\" data-src=\"https:\/\/ceviklerglobal.com\/wp-content\/uploads\/2022\/09\/proje-4.png\" \/>            \n                <\/div>\n    <\/div>\n\n<\/section><!-- widget-container -->\t\t<\/div>\n\t\t\t\t<\/div>\n\t\t\t\t\t\t<\/div>\n\t\t\t\t\t<\/div>\n\t\t<\/div>\n\t\t\t\t<div class=\"aux-parallax-section elementor-column elementor-col-50 elementor-top-column elementor-element elementor-element-f30e2c2\" data-id=\"f30e2c2\" data-element_type=\"column\" data-settings=\"{&quot;background_background&quot;:&quot;classic&quot;}\">\n\t\t\t<div class=\"elementor-column-wrap elementor-element-populated\">\n\t\t\t\t\t\t\t<div class=\"elementor-widget-wrap\">\n\t\t\t\t\t\t<div class=\"elementor-element elementor-element-9e2cdc3 aux-appear-watch-animation aux-fade-in-right elementor-widget elementor-widget-aux_modern_heading\" data-id=\"9e2cdc3\" data-element_type=\"widget\" data-widget_type=\"aux_modern_heading.default\">\n\t\t\t\t<div class=\"elementor-widget-container\">\n\t\t\t<section class=\"aux-widget-modern-heading\">\n            <div class=\"aux-widget-inner\"><h2 class=\"aux-modern-heading-primary\">Yapsat Projeler\n\n<\/h2><div class=\"aux-modern-heading-divider\"><\/div><div class=\"aux-modern-heading-description\"><section id=\"blog-post\" class=\"single-post\"><div class=\"container\"><div class=\"row\"><div class=\"col-lg-9 col-md-9 col-sm-12 col-xs-12 blog-content pull-left\"><article><p>\u00d6zkoca \u0130n\u015faat \u00e7al\u0131\u015fma alanlar\u0131ndan biriside yap-sat projeleridir. Bu tip \u00e7al\u0131\u015fmalanm\u0131zda temel ama\u00e7 son kullan\u0131c\u0131 veya kooperatif \u00fcyelerinin huzurlu ve rahat mekanlarda ya\u015famlann\u0131 s\u00fcrd\u00fcrd\u00fckleri ev ve i\u015fyerinin in\u015fa edilmesidir. Rahat ve huzurlu bir aile ortam\u0131n\u0131n gelecek nesillere olan tart\u0131\u015fmas\u0131z etkisinin bilinci i\u00e7indeyiz.<\/p><p>Yap\u0131 kalitesi ve projenin kolay kullan\u0131ma uygun olmas\u0131dan \u00f6d\u00fcn vermeyen \u00d6zkoca \u0130n\u015faat kurulu\u015fundan bu g\u00fcne bir \u00e7ok yap-sat projesini ba\u015far\u0131yla tamamlam\u0131\u015ft\u0131r.<\/p><\/article><\/div><\/div><\/div><\/section><\/div><\/div>\n        <\/section>\t\t<\/div>\n\t\t\t\t<\/div>\n\t\t\t\t\t\t<\/div>\n\t\t\t\t\t<\/div>\n\t\t<\/div>\n\t\t\t\t\t\t\t\t<\/div>\n\t\t\t\t\t<\/div>\n\t\t<\/section>\n\t\t\t\t<section class=\"elementor-section elementor-top-section elementor-element elementor-element-85ba724 elementor-section-boxed elementor-section-height-default elementor-section-height-default\" data-id=\"85ba724\" data-element_type=\"section\">\n\t\t\t\t\t\t<div class=\"elementor-container elementor-column-gap-default\">\n\t\t\t\t\t\t\t<div class=\"elementor-row\">\n\t\t\t\t\t<div class=\"aux-parallax-section elementor-column elementor-col-100 elementor-top-column elementor-element elementor-element-1e12bb0\" data-id=\"1e12bb0\" data-element_type=\"column\">\n\t\t\t<div class=\"elementor-column-wrap\">\n\t\t\t\t\t\t\t<div class=\"elementor-widget-wrap\">\n\t\t\t\t\t\t\t\t<\/div>\n\t\t\t\t\t<\/div>\n\t\t<\/div>\n\t\t\t\t\t\t\t\t<\/div>\n\t\t\t\t\t<\/div>\n\t\t<\/section>\n\t\t\t\t<section class=\"elementor-section elementor-top-section elementor-element elementor-element-72cfc9b elementor-section-boxed elementor-section-height-default elementor-section-height-default\" data-id=\"72cfc9b\" data-element_type=\"section\">\n\t\t\t\t\t\t<div class=\"elementor-container elementor-column-gap-default\">\n\t\t\t\t\t\t\t<div class=\"elementor-row\">\n\t\t\t\t\t<div class=\"aux-parallax-section elementor-column elementor-col-100 elementor-top-column elementor-element elementor-element-df9973d\" data-id=\"df9973d\" data-element_type=\"column\">\n\t\t\t<div class=\"elementor-column-wrap elementor-element-populated\">\n\t\t\t\t\t\t\t<div class=\"elementor-widget-wrap\">\n\t\t\t\t\t\t<div class=\"elementor-element elementor-element-b7c3c63 aux-appear-watch-animation aux-fade-in-up elementor-widget elementor-widget-aux_modern_heading\" data-id=\"b7c3c63\" data-element_type=\"widget\" data-widget_type=\"aux_modern_heading.default\">\n\t\t\t\t<div class=\"elementor-widget-container\">\n\t\t\t<section class=\"aux-widget-modern-heading\">\n            <div class=\"aux-widget-inner\"><h2 class=\"aux-modern-heading-primary\">Yap-Sat  <b>\u0130n\u015faat<\/b> Projeleri<\/b> \u0130\u00e7in<\/h2><div class=\"aux-modern-heading-divider\"><\/div><\/div>\n        <\/section>\t\t<\/div>\n\t\t\t\t<\/div>\n\t\t\t\t<div class=\"elementor-element elementor-element-183687b elementor-widget elementor-widget-prim_basic_button\" data-id=\"183687b\" data-element_type=\"widget\" data-widget_type=\"prim_basic_button.default\">\n\t\t\t\t<div class=\"elementor-widget-container\">\n\t\t\t<div class=\"napae-btn-wrap\"><a href=\"https:\/\/ceviklerglobal.com\/index.php\/iletisim\/\" class=\"napae-btn\"  >Bize Ula\u015f\u0131n<\/a><\/div>\t\t<\/div>\n\t\t\t\t<\/div>\n\t\t\t\t\t\t<\/div>\n\t\t\t\t\t<\/div>\n\t\t<\/div>\n\t\t\t\t\t\t\t\t<\/div>\n\t\t\t\t\t<\/div>\n\t\t<\/section>\n\t\t\t\t<section class=\"elementor-section elementor-top-section elementor-element elementor-element-466a185 elementor-section-boxed elementor-section-height-default elementor-section-height-default\" data-id=\"466a185\" data-element_type=\"section\">\n\t\t\t\t\t\t<div class=\"elementor-container elementor-column-gap-default\">\n\t\t\t\t\t\t\t<div class=\"elementor-row\">\n\t\t\t\t\t<div class=\"aux-parallax-section elementor-column elementor-col-100 elementor-top-column elementor-element elementor-element-1a4d7dd\" data-id=\"1a4d7dd\" data-element_type=\"column\">\n\t\t\t<div class=\"elementor-column-wrap\">\n\t\t\t\t\t\t\t<div class=\"elementor-widget-wrap\">\n\t\t\t\t\t\t\t\t<\/div>\n\t\t\t\t\t<\/div>\n\t\t<\/div>\n\t\t\t\t\t\t\t\t<\/div>\n\t\t\t\t\t<\/div>\n\t\t<\/section>\n\t\t\t\t\t\t\t\t\t<\/div>\n\t\t\t<\/div>\n\t\t\t\t\t<\/div>\n\t\t","protected":false},"excerpt":{"rendered":"<p>Yap-Sat \u0130n\u015faat Projeleri Cevikler Global \u00e7al\u0131\u015fma alanlar\u0131ndan biriside yap-sat projeleridir. Bu tip \u00e7al\u0131\u015fmalanm\u0131zda temel ama\u00e7 son kullan\u0131c\u0131 veya kooperatif \u00fcyelerinin huzurlu ve rahat mekanlarda ya\u015famlann\u0131 s\u00fcrd\u00fcrd\u00fckleri ev ve i\u015fyerinin in\u015fa edilmesidir. Rahat ve huzurlu bir aile ortam\u0131n\u0131n gelecek nesillere olan tart\u0131\u015fmas\u0131z etkisinin bilinci i\u00e7indeyiz. Yap\u0131 kalitesi ve projenin kolay kullan\u0131ma uygun olmas\u0131dan \u00f6d\u00fcn vermeyen Cevikler&#8230;<\/p>\n","protected":false},"author":1,"featured_media":0,"parent":0,"menu_order":0,"comment_status":"closed","ping_status":"closed","template":"","meta":{"footnotes":""},"class_list":["post-2869","page","type-page","status-publish","hentry"],"_links":{"self":[{"href":"https:\/\/ceviklerglobal.com\/index.php\/wp-json\/wp\/v2\/pages\/2869","targetHints":{"allow":["GET"]}}],"collection":[{"href":"https:\/\/ceviklerglobal.com\/index.php\/wp-json\/wp\/v2\/pages"}],"about":[{"href":"https:\/\/ceviklerglobal.com\/index.php\/wp-json\/wp\/v2\/types\/page"}],"author":[{"embeddable":true,"href":"https:\/\/ceviklerglobal.com\/index.php\/wp-json\/wp\/v2\/users\/1"}],"replies":[{"embeddable":true,"href":"https:\/\/ceviklerglobal.com\/index.php\/wp-json\/wp\/v2\/comments?post=2869"}],"version-history":[{"count":35,"href":"https:\/\/ceviklerglobal.com\/index.php\/wp-json\/wp\/v2\/pages\/2869\/revisions"}],"predecessor-version":[{"id":3039,"href":"https:\/\/ceviklerglobal.com\/index.php\/wp-json\/wp\/v2\/pages\/2869\/revisions\/3039"}],"wp:attachment":[{"href":"https:\/\/ceviklerglobal.com\/index.php\/wp-json\/wp\/v2\/media?parent=2869"}],"curies":[{"name":"wp","href":"https:\/\/api.w.org\/{rel}","templated":true}]}}